{"id":6251,"date":"2025-04-01T16:15:30","date_gmt":"2025-04-01T16:15:30","guid":{"rendered":"https:\/\/teamstone.eu\/loja\/?post_type=product&#038;p=6251"},"modified":"2025-05-27T14:02:38","modified_gmt":"2025-05-27T14:02:38","slug":"camisa-de-noite-estampado-digital-made-in-portugal-by-teamstone","status":"publish","type":"product","link":"https:\/\/teamstone.pt\/loja\/product\/camisa-de-noite-estampado-digital-made-in-portugal-by-teamstone\/","title":{"rendered":"Camisa de noite estampado digital, Verde \u00e1gua"},"content":{"rendered":"<p>[vc_row content_placement=&#8221;top&#8221;][vc_column][vc_column_text]<\/p>\n<p style=\"text-align: left;\">Enriquecida com serigrafia floral digital , carcela comprida , vivo a distribuir as pregas \u00e1 frente para f\u00e1cil mobilidade. Mangas borboleta.<\/p>\n<p style=\"text-align: left;\">A malha jersey \u00e9 sinonimo de\u00a0 sedu\u00e7\u00e3o, frescura e leveza primaveril<\/p>\n<p style=\"text-align: left;\">\u00a0Decote redondo com pesponto e escapul\u00e1rio \u00e1 frente de carcela\u00a0 com 4 bot\u00f5es.\u00a0 Com vivo\u00a0 \u201cdebrum\u201d\u00a0 tamb\u00e9m em algod\u00e3o distribui o franzido \u00e0 frente. Mangas borboleta \u00a0com\u00a0 acabamento em rolinho,\u00a0 para real\u00e7ar a eleg\u00e2ncia \u00fanica\u00a0 desta\u00a0 camisa<\/p>\n<p style=\"text-align: left;\">Camisa de dormir dispon\u00edvel\u00a0 tamb\u00e9m em tamanhos grandes.<br \/>\nComprimento aprox. 120 cm<\/p>\n<p style=\"text-align: left;\">A modelo tem 1,70m e veste o tamanho 38\/40.<\/p>\n<p style=\"text-align: left;\">Confe\u00e7\u00e3o e controle de qualidade .<\/p>\n<p style=\"text-align: left;\">Fabricado em Portugal<\/p>\n<p style=\"text-align: left;\">Made in Portugal<\/p>\n<p style=\"text-align: left;\">Composi\u00e7\u00e3o &amp; Cuidados:<br \/>\n\u2013 Camisa de noite em malha jersey<br \/>\n\u2013 Lav\u00e1vel na m\u00e1quina a 30\u00b0 com cores semelhantes.<br \/>\n\u2013 Lavar e passar a ferro do avesso.<br \/>\n\u2013 N\u00e3o secar na m\u00e1quina.<br \/>\n\u2013 Passar a ferro com temperatura baixa.<\/p>\n<p>[\/vc_column_text][vc_column_text]<\/p>\n<h5 style=\"text-align: center;\"><span style=\"color: #ff6600;\">Campanha limitada ao stock existente.<\/span><\/h5>\n<p>[\/vc_column_text][vc_column_text]<\/p>\n<h6><img loading=\"lazy\" class=\"alignnone wp-image-2914 size-full\" src=\"https:\/\/teamstone.eu\/loja\/wp-content\/uploads\/2017\/06\/reciclavel.png\" alt=\"\" width=\"50\" height=\"47\" \/><strong>Artigo recicl\u00e1vel; em final de \u201cvida\u201d pode ser colocado num ponto de recolha<\/strong>.<\/h6>\n<p>[\/vc_column_text][\/vc_column][\/vc_row][vc_row el_id=&#8221;tamanhos&#8221;][vc_column][vc_empty_space height=&#8221;60px&#8221;][vc_tta_accordion style=&#8221;modern&#8221; active_section=&#8221;non-existing number&#8221; collapsible_all=&#8221;true&#8221;][vc_tta_section title=&#8221;CONSULTAR TABELA DE TAMANHOS&#8221; tab_id=&#8221;1524225399024-c7e87548-dfdd&#8221;][vc_column_text]<\/p>\n<div class=\"intro\"><img loading=\"lazy\" class=\"alignnone wp-image-5561 aligncenter\" src=\"https:\/\/teamstone.eu\/loja\/wp-content\/uploads\/2018\/09\/TABELA-DE-MEDIDAS-MODELOS-CLASSICOS-LOJA-3-300x220.png\" alt=\"\" width=\"900\" height=\"660\" srcset=\"https:\/\/teamstone.pt\/loja\/wp-content\/uploads\/2018\/09\/TABELA-DE-MEDIDAS-MODELOS-CLASSICOS-LOJA-3-300x220.png 300w, https:\/\/teamstone.pt\/loja\/wp-content\/uploads\/2018\/09\/TABELA-DE-MEDIDAS-MODELOS-CLASSICOS-LOJA-3-100x73.png 100w, https:\/\/teamstone.pt\/loja\/wp-content\/uploads\/2018\/09\/TABELA-DE-MEDIDAS-MODELOS-CLASSICOS-LOJA-3-768x563.png 768w, https:\/\/teamstone.pt\/loja\/wp-content\/uploads\/2018\/09\/TABELA-DE-MEDIDAS-MODELOS-CLASSICOS-LOJA-3-600x440.png 600w, https:\/\/teamstone.pt\/loja\/wp-content\/uploads\/2018\/09\/TABELA-DE-MEDIDAS-MODELOS-CLASSICOS-LOJA-3-700x513.png 700w, https:\/\/teamstone.pt\/loja\/wp-content\/uploads\/2018\/09\/TABELA-DE-MEDIDAS-MODELOS-CLASSICOS-LOJA-3.png 876w\" sizes=\"(max-width: 900px) 100vw, 900px\" \/><\/div>\n<div class=\"guide\">\n<p>&nbsp;<\/p>\n<p>&nbsp;<\/p>\n<\/div>\n<p>[\/vc_column_text][\/vc_tta_section][\/vc_tta_accordion][\/vc_column][\/vc_row][vc_row][vc_column][\/vc_column][\/vc_row]<\/p>\n","protected":false},"excerpt":{"rendered":"<p><strong>Enriquecida com serigrafia floral digital, carcela comprida, vivo a distribuir as pregas \u00e1 frente para f\u00e1cil mobilidade. Mangas borboleta.<\/strong><\/p>\n<p><strong>Made in Portugal<\/strong><\/p>\n<h5><a href=\"#tamanhos\" rel=\"noopener\"><strong>CONSULTAR TABELA DE TAMANHOS<\/strong><\/a><\/h5>\n","protected":false},"featured_media":11028,"comment_status":"open","ping_status":"closed","template":"","meta":[],"_links":{"self":[{"href":"https:\/\/teamstone.pt\/loja\/wp-json\/wp\/v2\/product\/6251"}],"collection":[{"href":"https:\/\/teamstone.pt\/loja\/wp-json\/wp\/v2\/product"}],"about":[{"href":"https:\/\/teamstone.pt\/loja\/wp-json\/wp\/v2\/types\/product"}],"replies":[{"embeddable":true,"href":"https:\/\/teamstone.pt\/loja\/wp-json\/wp\/v2\/comments?post=6251"}],"wp:featuredmedia":[{"embeddable":true,"href":"https:\/\/teamstone.pt\/loja\/wp-json\/wp\/v2\/media\/11028"}],"wp:attachment":[{"href":"https:\/\/teamstone.pt\/loja\/wp-json\/wp\/v2\/media?parent=6251"}],"curies":[{"name":"wp","href":"https:\/\/api.w.org\/{rel}","templated":true}]}}